hat is 0 + (-4 - -3 - -2)?
1
What is the value of 0 + -1 - (30 - 36)?
5
Calculate 1 - (-6 + -1) - 11.
-3
(-8 - (-2 - 3) - 3) + 6
0
Evaluate 4 + -3 + 3 + 1.
5
3 + -9 + 5 + 2
1
What is the value of (0 - -12) + (-11 - 19 - -27)?
9
Evaluate -6 + 5 + 5 + (-10 - -1).
-5
What is the value of 9 + 1 + -6 + 6 + -6?
4
1 + (2 + -1 - (2 - -3))
-3
(-8 - -1) + 3 + 16 + -3
9
What is -4 + 0 + (4 - 0 - 3)?
-3
Evaluate -24 + (0 - -12) - -15.
3
What is the value of (2 - 0) + 4 + 6 + -13?
-1
What is 0 + (-1 - -11) - (166 - 158)?
2
Evaluate 0 + 3 + -2 + 1.
2
(0 + -3 - 0) + 5 + 0
2
Calculate 1 + -4 - -7 - (13 + -7).
-2
What is (2 - 12) + 23 + -15 + 9?
7
What is the value of -15 - -24 - (3 + 0)?
6
-7 + (1 - (1 - 3)) + -1
-5
Calculate -3 + (-15 - -12 - (1 - 11)).
4
-17 - -13 - (-6 + 2)
0
What is -1 + (7 - 3) - (-12 - -20)?
-5
Calculate (-1 - (-7 + -2 - -7)) + 6.
7
What is the value of 0 - 1 - (4 + -6) - -2?
3
What is the value of -3 - (-2 - (-2 - (-1 - -1)))?
-3
Calculate 7 + -3 + -5 + 0.
-1
What is the value of (-5 - (0 + -15)) + -3 + -4?
3
-1 - -5 - (-21 - -20)
5
3 + -1 + 3 + -6 - -2
1
Evaluate -5 + -5 + 10 + -5 + 3.
-2
What is -4 + 12 + 5 + -10?
3
Calculate 4 - (3 - -1 - 4).
4
What is the value of -5 + 0 - (15 + -5 + -10)?
-5
Evaluate 0 + (0 - (-4 - -5)) + 6.
5
What is the value of -5 + -1 + 11 - (-1 + 2)?
4
What is the value of 5 - 7 - (-7 - -2)?
3
(6 - 2) + (-5 - (-6 + 3))
2
Calculate -5 + 2 + (5 - -3) + 0.
5
Calculate (-6 - -12) + -3 + -7.
-4
What is -6 - (15 + -17 - (5 + -2))?
-1
What is 3 + -8 - -2 - -1?
-2
Evaluate (-3 - -3) + 8 + -8.
0
What is the value of 13 - 26 - (-10 - 2)?
-1
Calculate (-3 - 1) + 2 + 8 + -7.
-1
Calculate -3 + 0 + 2 + (2 - -1).
2
What is (5 - 6 - -5) + -3?
1
Evaluate -10 + 7 - 11 - (-8 + 1).
-7
Calculate -5 + 6 + 0 + -5.
-4
Evaluate 6 - (0 + 10 - 6).
2
(-6 - (-8 + 9)) + 8
1
-2 + 0 + 1 + (-2 - 2)
-5
-5 + (16 - 7 - 3)
1
Evaluate (-1 - -4) + (-12 - (-9 + 6)).
-6
Evaluate 2 - 2 - (-13 - (0 - 11)).
2
What is the value of 9 + -2 + -19 - (-3 - 1)?
-8
Evaluate 7 - 8 - (-15 + 19).
-5
Calculate 3 + -6 + (3 - -1).
1
What is 7 + -1 - (5 + 2)?
-1
2 + -6 + -3 + 5
-2
Evaluate 0 + 0 - (-5 - (-16 - -11)).
0
What is the value of (-2 - (3 + 1)) + 14?
8
Calculate 0 - (-5 + (1 - -2) + 4).
-2
What is the value of 7 + -20 + 5 - (-21 - -3)?
10
Calculate 1 - 2 - 5 - -12.
6
(5 - 0) + -3 + 6 + 2
10
Evaluate (-5 - -9 - 2) + 2.
4
Calculate 2 - (6 + -3 - -4).
-5
Evaluate 2 + -3 + 8 + (6 - 9).
4
Calculate 0 - (-3 + (-3 - -7)).
-1
Evaluate 8 + (-4 + 7 - 8).
3
Evaluate -2 - 3 - -8 - -1.
4
Calculate 6 + 1 + -3 + -1 + 2.
5
What is -1 + -2 + 2 + (8 - 9)?
-2
Calculate -8 - (6 + -14 - -2).
-2
6 + (1 - 7) + 1 - 3
-2
What is -4 + -2 - (23 + -32)?
3
Calculate 2 - (6 + -2 + -2).
0
What is the value of 6 - 8 - (-6 - 0)?
4
Evaluate -1 - -1 - (6 + -3).
-3
What is the value of (3 - (-4 - -10)) + -6?
-9
Evaluate -18 + 10 - (-1 - 7).
0
4 + (-5 - 5) + 5
-1
Evaluate -3 + (-1 - (-6 + 1 + 2)).
-1
What is the value of -2 - (-4 + 6 - -1)?
-5
What is 7 + -8 + (0 - -4)?
3
-7 - (-10 + 6 + -2)
-1
What is 2 + (0 - 0 - (2 + -1))?
1
-3 + (0 + 3 - -2)
2
Calculate 5 + 3 + -5 - 4.
-1
What is the value of 3 - (-1 + 2 - -2) - 2?
-2
11 + -17 + 15 + 0 + -3
6
5 + 6 + (-17 + 7 - -6)
7
Calculate 1 - (3 + (-14 - -5 - -2)).
5
-4 + (5 - (10 - 9))
0
Evaluate -3 - (-8 + 8 + -5).
2
What is the value of 0 - (-6 + 5 + -4)?
5
Evaluate 5 + (4 - (3 + 0)) + -1.
5
Calculate -1 + 0 + 8 + 11 + -15.
3
What is -9 + 3 - (5 - 5)?
-6
1 + -13 + 9 - (-4 + 2)
-1
(7 - (0 - -7)) + (1 - 3)
-2
Calculate -102 + 106 + (0 - -1).
5
Evaluate 3 - 1 - (-7 + (-7 - -11)).
5
Evaluate -2 + 1 - (6 - 9).
2
0 - 2 - (-27 - (-5 + -11))
9
What is -8 + (-8 - -16) + 6?
6
Calculate 4 - 1 - (-2 - -2 - -2).
1
Evaluate -7 - -11 - 4 - -2.
2
-5 + (4 - -3) - 0
2
(15 + -30 - -20) + -13
-8
What is (-3 - 0) + (-2 - (8 + -8))?
-5
What is 7 - (-2 + 2) - 3?
4
Calculate -10 + 32 + (-2 - 10).
10
Evaluate -3 + 2 + 0 + (2 - 2).
-1
What is -6 + -6 - (11 + -27)?
4
What is 1 + 3 + -5 + 7 + -9?
-3
0 + -7 + (-2 - -5) + 1
-3
-6 + (0 - -2 - 0) - 0
-4
(0 + 0 - 0) + -5
-5
2 - -7 - 9 - 3
-3
-3 + 5 + -1 + -4
-3
What is the value of 4 + 1 + (6 - (8 + 6))?
-3
What is the value of -1 - (-5 - 0) - 7?
-3
What is -8 + 18 + -3 + 0?
7
Calculate 3 - ((14 - -9) + -11).
-9
What is the value of -1 - (2 - (-3 - -8) - -4)?
-2
Evaluate (9 - 27) + 8 - (-1 - 3).
-6
7 + -4 + -2 + 3 + -4
0
What is 0 - (4 + -1) - (2 + 0)?
-5
(-6 - -2) + (-2 + 0 - -1)
-5
What is 19 - ((4 - 4) + 9)?
10
2 - (6 - (-2 + 4 - 3))
-5
What is (-3 + 5 - -2) + -7 - 1?
-4
Evaluate -1 - -1 - (10 + -22 + 12).
0
(-7 - -19) + -8 + 2 + -3
3
What is the value of (7 - 9) + -11 + 8?
-5
-26 + 24 + -1 + -1 + 2
-2
-4 + (2 - 5 - -2)
-5
What is the value of -5 - -12 - 3 - 5?
-1
What is 22 - 29 - (0 - 10 - -3)?
0
Evaluate 1 + (-4 - 5) + -3 - -4.
-7
Evaluate (1 - -4) + (5 - 9) + 3.
4
6 + 0 + (11 - (8 + 2))
7
What is the value of 4 - -2 - (4 + 0)?
2
What is the value of 3 + 0 + -1 + -3?
-1
Calculate 3 + -11 + 4 - (4 + -1).
-7
What is -2 + 1 - ((-3 - 5) + 11)?
-4
Calculate 0 + -5 + 1 + -4 + 13.
5
(0 + 2 - 6) + 2
-2
-153 + 164 + (-2 - -1)
10
(-2 - -1 - 3) + 3
-1
What is -4 + (20 - (8 - -1))?
7
Evaluate -3 + 5 + (-5 - -1).
-2
What is the value of -5 + 0 + (2 - -1)?
-2
Calculate -2 + 3 + (-2 - 5).
-6
What is 9 + (12 - 1 - 15)?
5
Evaluate 0 + 1 + -1 + (-17 - -15).
-2
10 - (1 + 2 + -1 + 3)
5
100 + -88 + (-2 - 18)
-8
-8 + 7 + -15 + 17
1
Evaluate 4 + (-10 + 3 - -4).
1
Evaluate (11 - 9) + -1 + -2.
-1
Evaluate (-1 - (-5 + 0)) + -5.
-1
Calculate -3 + 2 - -3 - (-1 - -7).
-4
Calculate -1 - (3 - (6 - -2)).
4
What is -3 + (-7 - -12) + -5?
-3
What is -2 + 12 - (1 - -2)?
7
Evaluate -2 + -1 + -19 + (6 - -13).
-3
What is (0 - 3) + 8 + -5?
0
-6 + (14 - 12) - -2
-2
Calculate (-7 - 4) + -5 + 8.
-8
0 + (-3 - -7) + -5 + 2
1
What is the value of -1 + -10 + 3 + 6?
-2
What is the value of 5 - 8 - -7 - 7?
-3
Calculate -7 + (11 - 4) + -1 + -6.
-7
-15 + 18 - (-7 - -6)
4
Evaluate 0 + -1 + (-7 - -11).
3
Calculate -3 + -9 - -22 - (8 - 1).
3
-3 - 0 - (3 - (0 - -4))
-2
What is -7 + 9 + -14 - -21?
9
What is the value of (2 - 4 - -4 - -1) + -5?
-2
Calculate 1 + -1 + 7 + -473 + 469.
3
What is the value of 1 + -6 - -1 - (-1 - 0)?
-3
Calculate -1 + 0 + -4 + 0.
-5
What is (4 + -3 - -2) + 0?
3
Calculate -7 + 7 + (3 - (5 + 1)).
-3
What is 0 + -2 + 4 + (1 - 2)?
1
What is the value of 3 + -1 + (1 - (7 - 7))?
3
6 + (-1 + 4 + 1 - 8)
2
Evaluate 3 - ((4 - (5 - -4)) + 4).
4
Evaluate (-5 + 0 + 1 - 1) + 5.
0
Calculate 3 - ((4 + -2 - 5) + 1).
5
Calculate 2 - -7 - (-2 - (6 + -12)).
5
What is the value of -10 - (-12 - -1 - -5)?
-4
Evaluate 3 + (1 + -3 - 3) + -3.
-5
-4 + 15 - (5 - -1)
5
-11 + (-1 - -6) - -3
-3
Calculate -3 + (3 - -1) + -2 - -1.
0
What is (4 - 0) + 9 + -10?
3
3 + (2 + (-3 - -4) - 3)
3
Calculate (16 - 21) + (1 - -6).
2
What is the value of -4 + 0 - (0 + -1)?
-3
(-3 - 0) + 2 + -8 + 9
0
Evaluate 8 + (-2 - (-11 - -9)).
8
What is -8 + (3 + (5 - 10) - -7)?
-3
What is -2 + -2 + 3 - -2 - -3?
4
What is the value of -14 - -20 - (4 + -2)?
4
What is the value of (1 - 4 - (6 - 12)) + -5?
-2
What is -8 - (-2 + 1 - (-12 + 16))?
-3
0 - (6 - ((5 - 4) + 7))
2
Evaluate -27 - -18 - (-2 + -2).
-5
What is 0 - (2 + 3 + (-2 - 5))?
2
What is 0 + (3 - 2) + -2 + -1?
-2
Calculate 3 + -5 + -9 + 18.
7
What is 52 + -50 - (1 - -5)?
-4
Evaluate (0 - -7 - (-40 + 44)) + -4.
-1
(1 - (-2 + 0)) + 6 + -12
-3
Calculate (-3 - (4 - -1)) + 6.
-2
Calculate -8 + (-13 - -4) + 15.
-2
Calculate (4 - (-11 - -7)) + -9.
-1
-1 + (11 + -8 - (-1 - -6))
-3
Evaluate -3 + 1 + 1 - 1.
-2
-5 - -5 - (9 - 4)
-5
What is (-558 - -556) + (6 - -1) + 0?
5
Calculate 9 + 4 + -9 - (-3 - -1).
6
-3 + -9 + 7 + -1
-6
Evaluate -5 + -4 + 4 + 9.
4
Calculate -1 + (1 - 1) + -4.
-5
Calculate -7 + 11 + 1 - 3.
2
16 + (-10 - (0 - 2))
8
Evaluate 10 + (-8 - -13) + -9 + -2.
4
Calculate -7 - (12 + (-13 - 8)).
2
Calculate -5 - (2 + (-1 - 8)).
2
4 + (-3 + -4 - -3)
0
17 - 18 - (1 + 1)
-3
What is the value of -7 + (3 - 3) - -2 - 0?
-5
Calculate 2 + 1 - (-15 - -13).
5
Calculate 7 + -1 + (-1 - 0).
5
7 - (5 + (8 - 4))
-2
-2 - (21 - 6 - 7 - 3)
-7
Calculate (-1 - (-4 + 1)) + (1 - -2).
5
What is the value of -4 - (6 - (2 + 2 + -5))?
-11
What is 8 - (5 + -2) - (-3 - -11)?
-3
Calculate 0 + 6 - (13 + -6 + -6).
5
Calculate -5 - -10 - 0 - 11.
-6
-1 - (-3 - (7 + -8))
1
Calculate 